is t(-429)?
-20
Let c(n) = -n**3 + 135*n**2 - 2760*n + 1105. What is c(110)?
5
Let y(l) = -32538*l - 197018. Give y(-6).
-1790
Let f(k) = -37*k**2 - 9*k + 465. Give f(-3).
159
Let k(a) = 8*a**2 - 2150*a - 11505. What is k(274)?
3
Let p(s) = 3628*s - 90560. What is p(25)?
140
Let t(a) = -152724*a - 1069066. What is t(-7)?
2
Let m(i) = -2*i**3 - 151*i**2 + 66*i - 749. Determine m(-76).
11
Let s(k) = -64*k + 595. Determine s(-2).
723
Let u(j) = 472*j**2 - 3792*j - 93. Give u(8).
-221
Let d(i) = -i**3 - 80*i**2 - 143*i + 1011. What is d(-78)?
-3
Let r(h) = -h**2 + 5815*h + 46483. Give r(-8).
-101
Let u(i) = -281228*i + 1687356. Give u(6).
-12
Let r(f) = -17*f**2 - 4685*f - 7440. Calculate r(-274).
-42
Let f(t) = 9*t**2 + 33*t + 298. What is f(-12)?
1198
Let j(d) = d**3 - 5*d**2 + 101*d + 766. Determine j(-5).
11
Let r(n) = 151594*n + 3941432. Calculate r(-26).
-12
Let l(t) = 43*t**3 + 356*t**2 + 364*t + 8. What is l(-1)?
-43
Let t(h) = 4*h**2 - 15975*h + 79770. What is t(5)?
-5
Let y(r) = -r**2 + 2270*r - 53903. Calculate y(24).
1
Let x(p) = 35*p + 833. Calculate x(-59).
-1232
Let t(c) = -5*c**2 + 72*c - 1424. Give t(10).
-1204
Let i(m) = m**3 + 48*m**2 + 674*m + 251. Give i(-26).
-2401
Let k(w) = -38948*w + 740425. Give k(19).
413
Let p(z) = 48*z**3 - 52*z**2 + z - 15. Calculate p(0).
-15
Let l(r) = 32875*r + 756132. Give l(-23).
7
Let w(u) = 4*u**2 + 867*u + 10635. Calculate w(-13).
40
Let a(y) = 14530*y + 494035. Give a(-34).
15
Let a(g) = -2*g**2 - 66*g + 26140. Give a(-132).
4
Let c(y) = -y**3 - 6*y**2 + 297*y + 245. What is c(-20)?
-95
Let l(o) = 1115*o - 10802. Calculate l(9).
-767
Let d(m) = -m**3 + 93*m**2 - 1302*m + 5372. Calculate d(77).
-18
Let b(k) = 8299*k + 90496. Give b(-11).
-793
Let d(u) = u**3 - 4*u**2 + 70*u - 735. What is d(7)?
-98
Let o(b) = -b**2 + 1801*b + 857157. Give o(-391).
85
Let c(z) = -528*z - 43310. Determine c(-82).
-14
Let f(n) = -988*n - 121564. Determine f(-123).
-40
Let i(w) = -w**2 - 1893*w + 47743. Give i(25).
-207
Let g(m) = -3*m**3 + 306*m**2 + 619*m + 400. Determine g(104).
-120
Let p(z) = -z**3 - 112*z**2 - 498*z + 177. Determine p(-5).
-8
Let j(o) = -o**2 - 133*o + 893323. Determine j(-1014).
-11
Let n(q) = 1649*q + 19882. What is n(-9)?
5041
Let o(h) = -432*h**2 - 5191*h - 96. What is o(-12)?
-12
Let j(q) = 2*q**3 - 97*q**2 - 167*q + 10351. Calculate j(48).
31
Let l(z) = -41862*z + 6572319. What is l(157)?
-15
Let d(y) = y**2 + 371*y + 4131. Determine d(-11).
171
Let h(d) = d**3 - 120*d**2 - 227*d - 353. Determine h(122).
1721
Let w(g) = -1344*g + 47019. What is w(35)?
-21
Let m(z) = 22337*z**2 - 156364*z + 21. What is m(7)?
-14
Let l(m) = 1418*m - 7046. Give l(5).
44
Let d(z) = 3*z**3 - 4*z**2 - 43*z + 208. What is d(5)?
268
Let i(s) = 2597*s - 93356. Give i(36).
136
Let j(o) = -3*o**3 - 1885*o**2 - 672*o - 27631. Give j(-628).
1
Let u(w) = -12008*w - 1561034. Calculate u(-130).
6
Let n(a) = -245*a + 7135. Give n(27).
520
Let a(f) = -f**2 - 159726*f - 1597309. What is a(-10)?
-149
Let p(u) = 386*u + 9108. Give p(-28).
-1700
Let k(l) = 2*l**2 - 40854*l + 285792. What is k(7)?
-88
Let h(m) = m**3 + 190*m**2 + 1229*m + 755. Determine h(-6).
5
Let i(u) = 49*u**2 - 4561*u + 31873. Determine i(7).
2347
Let o(s) = s**3 + 18*s**2 - 65*s - 20. Give o(-18).
1150
Let i(f) = -746*f**2 + 22373*f + 13. Calculate i(30).
-197
Let w(i) = -103*i**2 + 399*i - 1201. Calculate w(3).
-931
Let s(j) = 4*j**3 + 95*j**2 + 518*j - 51. What is s(-15)?
54
Let p(s) = 108*s**2 - 7346*s + 149. Determine p(68).
13
Let q(c) = -232*c**3 - 2789*c**2 - 59*c + 35. Calculate q(-12).
23
Let s(w) = 605*w**3 - 3*w**2 - 104*w + 105. Give s(1).
603
Let i(j) = j**3 + 4*j**2 + 55*j + 122. What is i(-3)?
-34
Let f(n) = 3306*n - 68. Give f(0).
-68
Let x(p) = -6*p**2 + 726*p + 23906. What is x(-31)?
-4366
Let d(u) = -4*u**2 + 512529*u - 1537589. Calculate d(3).
-38
Let j(i) = -5*i**2 - 796*i - 31678. What is j(-80)?
2
Let y(x) = 453*x**2 - 12*x - 2793. What is y(0)?
-2793
Let o(s) = s**2 - 861*s + 11738. What is o(13)?
714
Let u(y) = -8857*y + 7005851. Calculate u(791).
-36
Let t(y) = 7085*y - 1062608. Determine t(150).
142
Let r(o) = o**3 + 407*o**2 - 51919*o + 112. What is r(102)?
10
Let s(l) = 557*l + 38250. Determine s(-69).
-183
Let l(d) = -d**3 - 15*d**2 - 42*d + 65. Determine l(-11).
43
Let j(g) = g**3 - 398*g**2 + 9675*g - 1115. Determine j(372).
1
Let i(v) = -297062*v + 297045. Give i(1).
-17
Let u(i) = -i**2 - 52*i + 3085. Determine u(-83).
512
Let p(r) = 262*r**2 - 221*r + 12. What is p(-3)?
3033
Let t(q) = -7*q**2 + 847*q + 3369. Calculate t(-4).
-131
Let b(s) = 2435*s - 24362. Calculate b(10).
-12
Let c(y) = -1055*y - 7117. Calculate c(-6).
-787
Let v(k) = 196*k**3 - 14309*k**2 + 71*k + 203. Give v(73).
57
Let m(g) = 175*g - 7114. What is m(31)?
-1689
Let w(z) = 3337*z + 270319. Give w(-81).
22
Let k(x) = -x**3 + 5*x**2 + 47577*x - 285422. Calculate k(6).
4
Let w(d) = -d**3 + 87*d**2 - 1684*d + 14. What is w(58)?
-102
Let t(w) = -3*w**3 + 1263*w**2 - 50*w + 21135. What is t(421)?
85
Let n(z) = -z**2 + 102*z + 20697. Determine n(-102).
-111
Let b(g) = 212*g**3 - 3*g**2 - 43*g - 77. Determine b(-2).
-1699
Let v(t) = t**3 - 59*t**2 + 379*t - 622. Determine v(52).
158
Let p(v) = -1170806*v + 2341603. Calculate p(2).
-9
Let y(m) = 106122*m - 636733. What is y(6)?
-1
Let g(x) = -6*x**3 + 9*x**2 + 18*x - 17. Determine g(2).
7
Let n(f) = -f**3 + 71*f**2 + 1548*f - 113279. Calculate n(70).
-19
Let a(f) = -868*f + 8599. Give a(10).
-81
Let k(l) = -1230*l + 1011. Determine k(1).
-219
Let v(u) = 7999*u - 375747. Give v(47).
206
Let d(h) = 6*h**2 - 249*h + 830. Calculate d(4).
-70
Let t(q) = -31023*q + 217160. What is t(7)?
-1
Let o(f) = 3248*f + 168907. Give o(-52).
11
Let u(q) = -76*q**2 - 634*q - 28. Give u(-9).
-478
Let g(r) = -9*r**2 - 228*r - 198. Calculate g(-25).
-123
Let x(b) = 794*b**2 - 19063*b + 161. Calculate x(24).
-7
Let y(c) = 43*c**2 + 37. Calculate y(1).
80
Let r(x) = -16596*x - 364543. Calculate r(-22).
569
Let f(y) = -356*y**2 - 2118*y - 238. Give f(-6).
-346
Let j(a) = -1715*a**3 + 5*a**2 - 8*a - 13. Determine j(-1).
1715
Let y(s) = s**2 + 155*s - 32. Calculate y(-155).
-32
Let f(d) = d**2 - 45462*d - 1273750. Give f(-28).
-30
Let r(f) = -f**3 - 10*f**2 + 6930*f + 76093. Give r(-11).
-16
Let i(y) = 950*y**2 + 17305*y + 4. Determine i(-18).
-3686
Let x(p) = -2*p**2 + 448*p - 19201. Give x(167).
-163
Let u(k) = -300*k**2 + 2375*k + 187. What is u(8)?
-13
Let q(g) = 890*g + 5795. Give q(-10).
-3105
Let f(y) = 726*y + 48643. Determine f(-67).
1
Let z(g) = -g**3 - 196*g**2 + 1751*g + 414961. Calculate z(-194).
-5
Let l(g) = -g**3 + 5424*g**2 - 16258*g - 36. What is l(3)?
-21
Let q(n) = n**3 + 8*n**2 - 68*n + 108. What is q(4)?
28
Let z(c) = -1478*c + 2010088. Give z(1360).
8
Let s(m) = -25321*m - 4000649. Give s(-158).
69
Let q(w) = -472*w**3 - 4*w**2 - 126*w - 224. What is q(-2)?
3788
Let p(c) = 11*c**2 - 668*c - 3054. Calculate p(65).
1
Let r(j) = j**2 - 309*j + 11337. Give r(268).
349
Let j(x) = 419*x**2 + 2488*x - 66. Give j(-6).
90
Let i(v) = -16177*v + 291168. Calculate i(18).
-18
Let c(a) = -5*a**2 + 3199*a - 191399. Give c(573).
-17
Let o(b) = -2549*b + 163133. Determine o(64).
-3
Let w(m) = -m**3 - 935*m**2 - 2556*m + 223689. What is w(-932)?
9
Let m(u) = u**3 - 83*u**2 - 1083*u + 5848. Calculate m(-15).
43
Let z(r) = -51*r**3 - 4*r**2 - 39*r - 77. Give z(-2).
393
Let j(u) = u**3 + 395*u**2 - 453*u - 22595. Determine j(-396).
-23
Let y(r) = 8*r**3 + 19*r**2 + 27*r + 27. What is y(-4)?
-289
Let i(g) = -52481*g + 2309172. Calculate i(44).
8
Let s(m) = m**2 - 429*m - 179284. Determine s(-260).
-144
Let n(x) = 111064*x - 999568. Calculate n(9).
8
Let w(n) = 2*n**3 + 4*n**2 - 46*n + 82. Calculate w(4).
90
Let v(t) = 2318*t + 190539. Determine v(-82).
463
Let r(l) = -l**3 - 48*l**2 + 543*l + 34279. Calculate r(-41).
249
Let i(z) = -14979*z + 119803. Give i(8).
-29
Let a(k) = 12*k**3 + 11*k**2 - 246*k + 36. Give a(4).
-4
Let f(z) = -5*z**3 - 29*z**2 + 20190*z + 160822. What is f(-8)?
6
Let n(w) = 3723*w + 1630666. What is n(-438)?
-8
Let b(r) = r**3 - 3*r**2 - 75*r + 327. Calculate b(5).
2
Let u(d) = 8*d**2 + 141*d + 614. Give u(-11).
31
Let b(h) = h**3 + 176*h**2 - 404*h - 40177. What is b(-177)?
2
Let s(j) = 25077*j + 102751.